). Give u(c).
0
Let i(h) = -2*h**2 - 2 - 78778*h**3 + 4*h**2 - h + 78790*h**3. What is i(-1)?
-11
Let f = -66 - -66. Suppose f*j = -j + 15. Let t be j/6*((-30)/(-25) + 0). Let x(n) = -n**2 + 2*n. Determine x(t).
-3
Suppose 0 = -3*b - 2*x + 22, -67*b + 2*x - 16 = -69*b. Let h(g) = -g**3 + 9*g**2 - 19*g - 6. Calculate h(b).
-12
Suppose 49*v + 4 - 101 = 50. Let i(z) = 53*z - 140. Calculate i(v).
19
Let v(y) be the third derivative of y**8/20160 - y**7/5040 - y**6/720 - 26*y**5/15 + 3*y**2 - 14. Let p(k) be the third derivative of v(k). Calculate p(3).
5
Let q(j) = j**3 - 8*j**2 - 10*j - 2. Let m(t) = -6*t + 77. Let b be m(22). Let f be (b/20 - -2)/(2/(-24)). Determine q(f).
-11
Let b(w) = 2*w**3 + 13*w**2 + 6*w. Suppose -22 = p - 3*s, 3*p = 4*p - 2*s + 18. Let g = p + 4. Give b(g).
0
Let h(r) = -16*r**2 - 7*r + 5. Let m be 13/(-5) - 14/35. Let c(i) = 9*i**2 + 4*i - 3. Let d(n) = m*h(n) - 5*c(n). Determine d(-1).
2
Let v(k) = 5*k**2 + 41*k - 4. Let f(m) = -10*m**2 - 75*m + 8. Let j(o) = 6*f(o) + 11*v(o). Give j(2).
-14
Let h(c) = -2*c**2 - 30*c + 40. Let f(r) = -2*r**2 - 25*r - 28. Let z be f(-12). What is h(z)?
8
Let d(z) = 5*z**3 - 3*z**2 - z + 1. Let q(f) = 4*f**3 - 9*f**2 + 11*f + 15. Let v(s) = -d(s) + q(s). What is v(-7)?
-21
Let l(y) = -y**2 + 24*y - 13. Suppose -4842*p + 192 = -4834*p. Calculate l(p).
-13
Let f(u) = -3*u**2 - 68*u - 53. Let r = 348 + -370. Give f(r).
-9
Let l = 5566 - 5575. Let d(y) = 14*y + 129. Give d(l).
3
Let p(i) = -i**3 - 13*i**2 - 25*i - 1. Let x be p(-11). Suppose 0 = -13*v + 9*v + x. Let t(d) = d - 12. Calculate t(v).
-4
Suppose -h - 18 = -5*d, -6*h + 5*h = 5*d - 22. Let l(y) = 43*y**h + y - 78*y**2 + 37*y**2 + 2. Determine l(4).
38
Suppose 4*d = -5*z - 14 + 6, -3*d + 2*z = -17. Let a(r) = -3*r**2 + 6*r + 7. Let h be a(d). Let b(y) = 4*y**2 + 2*y + 2. Calculate b(h).
14
Let t(j) = -3*j**3 - j**2 + 11*j - 6. Let k(p) = 2*p**3 + p**2 - 13*p + 5. Let w(d) = 4*k(d) + 3*t(d). Give w(0).
2
Let t(p) = -10*p**3 - 2*p**2 - p. Suppose l - 3*l + 140 = 0. Let b = 62 - l. Let r = b - -7. Give t(r).
9
Let j(b) be the first derivative of -b**3/3 + b**2/2 + 6*b + 1. Suppose 0 = -5*m + 94 - 354. Let p be 0*(39/m - 1/4). What is j(p)?
6
Suppose 0 = 5*k + 2 - 62. Let b(s) be the second derivative of -s**4/12 + 7*s**3/3 - 17*s**2/2 + 13002*s. Give b(k).
7
Let i(a) = -a**3 - 18*a**2 + 35*a - 112. Let y be i(-20). Let t(l) = 2*l**3 + 25*l**2 + 7*l - 64. Give t(y).
-4
Suppose -3*o + 4 = l, -l - l - 5*o + 4 = 0. Let s = 6 + l. Let v(b) be the first derivative of b**4/4 - b**3/3 - 2*b**2 - 3*b + 7379. Give v(s).
-7
Let h(n) = -n**3 + 5*n**2 + 4*n - 7. Suppose 7 = 13*a - 32. Let y be (-7 - (-6)/a)/(-1). Give h(y).
13
Let x(g) = -g**2 + 17*g - 5 - 9*g - 6*g**2 + 73*g**3 - 72*g**3. What is x(5)?
-15
Let s = -20929 + 20936. Let p(q) = -q**2 - 6*q + 62. Determine p(s).
-29
Suppose 3 = -v + 1, -3*s = 2*v + 22. Let r(o) be the second derivative of 6 + 3*o**2 + 7*o - 1/20*o**5 + 0*o**3 - 1/2*o**4. Determine r(s).
6
Suppose -3*i + 2*o + 138 = 0, 5*i - 117 = 2*o + 113. Suppose -21 = v + 2*p, 6*p = -2*v + p - i. Let a(g) = g**3 + 14*g**2 + 12*g - 16. What is a(v)?
-3
Suppose 2*c + 5*q - 134 = 3*q, -5*q = -4*c + 286. Let d(u) = 3 - 21*u - 21*u - 26*u + c*u. Determine d(-9).
-6
Suppose 0 = -y + 5*y + 1164. Let n = y - -285. Let g(i) = i + 4. What is g(n)?
-2
Let u(p) = 2*p**2 - p + 2. Let a(c) = -7*c**2 + 20*c - 11. Let g(m) = a(m) + 6*u(m). Determine g(-5).
56
Let q(f) = f - 28. Let v be 1174/38 + 556/5282. Determine q(v).
3
Suppose -20*h - 4627 + 4687 = 0. Let x(p) be the third derivative of 1/4*p**4 - 1/3*p**h - 46*p**2 + 0 + 1/60*p**5 + 0*p. Give x(-7).
5
Let d(w) = 7 + 0*w**2 + 4*w + w - w**2. Let h be 3/(-4) - (-1271)/164. Determine d(h).
-7
Let x(f) = 11*f**3 + 23*f**2 - 6*f - 11. Let s(q) = 4*q**3 + 8*q**2 - 2*q - 4. Let g be (-6)/(-7)*2/((-22)/77). Let d(c) = g*x(c) + 17*s(c). Determine d(2).
10
Let w(c) = c**3 + 30*c**2 - 226*c - 367. Let b be w(-36). Let a(m) = -m**2 - 3. Give a(b).
-52
Suppose 4*u + 0*r = r + 11, 3*r = u - 11. Let h(v) = -8 - 17 - 9 - 12 + v**u + 58 + 7*v. Determine h(-8).
20
Let r be (11/2)/((-18)/(-72)). Suppose 15*l = r*l. Let c(m) be the first derivative of m**4/4 + m**3/3 - m**2/2 - 13*m + 1. Determine c(l).
-13
Let c(o) be the first derivative of -3/2*o**2 - 1/2*o**4 - o**3 - 45 - o. Give c(-2).
9
Let w(g) = 16 - 29 - 33 - 3*g. Let m(a) = -98*a - 2954. Let l be m(-30). Give w(l).
-4
Let s(l) be the first derivative of l**2/2 + 5*l + 2. Suppose -20*m + 1242 = -198. Let t be m/720 + (-142)/20. Calculate s(t).
-2
Let z(t) = -35 - 36 + 66 + 9*t + 2*t. What is z(-3)?
-38
Let l(n) = 36 + 3*n - 29 - 31 + 7 - 4*n. Give l(12).
-29
Let r(m) = -m**2 - 15*m - 21. Let t be r(-2). Let w(u) be the second derivative of u**5/20 - 5*u**4/12 - u**3/2 + 7*u**2/2 + 87*u. Determine w(t).
-8
Let t(i) = -i**2 - 3*i - 2. Suppose -19*q + 25*q - 6 = 0. Let x be q - (5/7)/(13/91). Calculate t(x).
-6
Let f(i) = 19*i + 8. Let r(l) = -62*l - 26. Let s(y) = 13*f(y) + 4*r(y). Calculate s(-5).
5
Suppose -2*g = 3*h - 20, -8*h + 27 = -4*h + 3*g. Let s(c) = 17*c - 58. What is s(h)?
44
Let u(k) = -2*k**3 + 9*k**2 - 1. Let x(c) = c**3 - 9*c**2 - 2*c - 3. Let p(z) = u(z) + x(z). Give p(-2).
8
Let l(z) = z**3 - 5*z**2 + z - 10. Let t(g) = -8*g**3 - 40*g**2 + 47*g - 1. Let x be t(-6). Give l(x).
-5
Let p(s) = 3*s + 3. Let b be 288/(-40) + 4/20. Let v(t) = -t**3 - 7*t**2 + t + 4. Let c be v(b). Give p(c).
-6
Let v(t) be the first derivative of -t**2/2 + 36*t + 1131. Determine v(-19).
55
Let l(g) = 2*g**2 + 5*g + 5. Suppose -18*p = -101*p - 166. Determine l(p).
3
Suppose 9*r + 34 = 7*r. Let w = r + 25. Let c(y) = 14 - 10 + 6*y - w*y. What is c(-3)?
10
Let t(d) = 4*d**2 + 13*d - 29. Let g be t(6). Let k(l) = -1 + 200*l - g*l + 0. Determine k(1).
6
Let t(p) = -p + 1. Let z(d) = 4*d - 2. Let i(s) = s - 1. Let q(m) = 4*i(m) - 2*z(m). Let l(g) = -q(g) + 2*t(g). Let h be -4 + 8 + (-8 - 2). What is l(h)?
-10
Let n(z) = -11*z + 92. Let d be n(8). Let f(w) = d*w - 12 + 8 + 3*w + 8. Give f(3).
25
Let u = 57 + -66. Let y(r) = 23 + 38 - 116 + 25 + 31 + 4*r. Calculate y(u).
-35
Let b(c) = -c**3 - 9208*c**2 + 4603*c**2 + 1 + 4602*c**2. What is b(-2)?
-3
Let j = 753 - 759. Suppose -10*v = -13*v + 57. Let y(a) = -a**3 + 13*a**2 + a - 1 - 1 - v*a**2. Determine y(j).
-8
Let b(o) = o**2 + 5*o - 3. Suppose -27*z - 2414 = -32*z + n, -4*z = n - 1933. Let l = 477 - z. Give b(l).
3
Let u(n) = 43*n**2 + 44*n + 115. Let w(c) = 93*c**2 + 92*c + 232. Let i(t) = 13*u(t) - 6*w(t). Determine i(-13).
12
Let j(m) = m**2 - 15*m - 104. Let k(i) = 53*i - 641. Let r be k(12). Determine j(r).
-4
Let k(m) = -m**3 + 3*m**2 - m - 2. Let w = 1039 + -671. Suppose -3*d + w = -11*d. Let y = d + 48. Give k(y).
0
Let w = 42 + -22. Suppose -5*b + w = 0, -5*v + 15*b + 27 = 13*b. Let m(h) = 0*h**3 - h + 7*h**2 + 2 + 4*h - h**3. Determine m(v).
23
Let w(c) = -2*c**3 - 9*c**2 - c - 11. Let a be 58/(-7) + (-26)/(-91). Let h(b) = 3*b**3 + 14*b**2 + b + 17. Let i(n) = a*w(n) - 5*h(n). Give i(-2).
-3
Let l(r) be the second derivative of -r**5/20 - r**4/3 - r**3/6 - r + 215. Let p = 20 - 22. Give l(p).
-6
Let b(s) be the third derivative of 0*s + 0 + 0*s**5 + 1/120*s**6 + 1/24*s**4 - 2/3*s**3 - 44*s**2. What is b(0)?
-4
Let w(n) = 17*n + 70. Let m be w(0). Let y(o) = 67 + o**2 + 10*o - m - 18*o. Give y(9).
6
Let j(r) be the first derivative of -r**3/3 - 4*r**2 + r - 60. Let i(t) = -6*t + 11. Let a = -46 - -49. Let x be i(a). Give j(x).
8
Let n(m) be the second derivative of -111*m + 0 - 4/3*m**3 - 1/2*m**2 - 1/12*m**4. Calculate n(-8).
-1
Suppose -15 = -12*k + 9*k. Let s(q) = 3*q**2 + 7*q - 7. Let x be 2/11 - (-97)/11. Let b(z) = -7*z**2 - 14*z + 14. Let o(a) = x*s(a) + 4*b(a). Determine o(k).
3
Let u(j) = j**2 - 4. Let p = -1710 + 1714. What is u(p)?
12
Let j(m) = 113 - 1822*m + 47 + 1793*m. Let w be j(6). Let g(v) = -v**2 - 13*v + 6. Determine g(w).
-8
Let f(n) = n**2 - 11*n - 7. Let q be 2468/60 - (-3 + (-47)/(-15)). Let u(w) = 2*w - 74. Let i be u(q). What is f(i)?
-31
Let b(s) be the first derivative of s**2 + s - 4. Suppose -41 = -4*h - 207*f + 204*f, -6 = -2*f. Give b(h).
17
Let d(u) = -5*u - 12 + 0*u + 9. Let y be d(-1). Suppose -2*j - 7*k - 44 = -2*k, 2*k = -y*j - 32. Let z(h) = -h**3 - 13*h**2 - 12*h 